 u(p) = -2*p + 22. Let b be u(-6). Suppose 0 = 2*k + v - 39, v = -k - 3*k + 73. What is the highest common factor of b and k?
17
Suppose 0 = 5*x + 2296 - 2751. Calculate the greatest common divisor of x and 117.
13
Let h(r) = 20 - 5*r + 4*r + 0*r. Let n(d) = -d**2 + 2*d - 1. Let z be n(1). Let v be h(z). What is the highest common factor of v and 60?
20
Let i be (3 + -7)*((-33)/12 - -2). Let s be (i - (0 + 4))*-16 + 0. Calculate the greatest common factor of s and 4.
4
Let n be (-2)/(-3 + 4 + -2). Let i(r) = -2 + 0*r**n - 3*r + 9*r**2 + 2. Let h be i(-3). What is the greatest common factor of h and 36?
18
Suppose 2*b = h - 37 + 186, 0 = 5*b - 4*h - 374. Calculate the highest common factor of 407 and b.
37
Let q(j) = 197*j**2 + j. Let p be q(1). Let o = 303 - p. Suppose -4*a - 6*g + 89 = -g, 2*a = -3*g + 45. Calculate the highest common factor of a and o.
21
Let n(s) = s**2. Let h(j) = 5*j**2 + 3*j - 22. Let c(g) = h(g) - 4*n(g). Let o be c(-11). What is the highest common divisor of 11 and o?
11
Suppose -101 = -11*b + 515. Suppose 0 = b*q - 51*q - 160. Let j = 405 - 277. Calculate the greatest common factor of j and q.
32
Suppose g - 4*g = 33. Let i = 31 + g. Suppose 148 = -s + 2*s + 3*n, -5*s + 5*n + 820 = 0. Calculate the greatest common factor of s and i.
20
Suppose 3*l - 2*l = 14. Let b be 3*-2*l/(-21). Suppose b*c - 4*h - 492 = 0, 3*c + c + h - 507 = 0. What is the highest common factor of c and 18?
18
Suppose -138 = 3*v + 3*y - 336, 0 = -4*v - 2*y + 258. What is the greatest common divisor of v and 171?
9
Let i(m) = m**2 - m + 4. Suppose -2*q + 13 = -5*q + 4*g, 0 = 3*q + 2*g + 25. Let t be i(q). Calculate the greatest common factor of 40 and t.
20
Suppose 0 = -9*i + 7*i + 194. Suppose 3*z - 11 = i. Let w be ((-3)/12)/((-3)/z). Calculate the highest common factor of w and 15.
3
Suppose 0 = 3*n + p - 571 - 2622, 4*n - 4272 = -5*p. Suppose -2*t + n = 2751. Let r be 18/(-24) + t/(-16). What is the greatest common divisor of r and 13?
13
Let k(s) = 83*s + 7. Let b be k(4). Let u = b - 129. What is the greatest common factor of 42 and u?
42
Suppose 3*y = 11*y + 32. Let x be y/(104/28 + -4). Calculate the greatest common factor of 21 and x.
7
Let v(g) = -g**2 + 234. Let o be v(0). Let l = 549 - o. Calculate the greatest common factor of l and 35.
35
Let u(l) = -l**3 + 8*l**2 + 6*l + 30. Let w be u(8). Calculate the greatest common divisor of w and 104.
26
Let o(n) = -8*n - 48. Let g be o(-11). Calculate the highest common divisor of 80 and g.
40
Suppose -7*h + 29*h - 4840 = 0. Let b(j) = j**2 + 4. Let k be b(-4). Calculate the highest common divisor of k and h.
20
Let v(n) = -4*n**2 - 5*n - 2. Let o be v(-4). Let b = o + 88. Calculate the greatest common divisor of b and 6.
6
Let r = -66 - -82. Let q be r + 0 - (-8 - -6). Let c = 3 + 6. What is the highest common divisor of c and q?
9
Suppose -3*b = -h - 2*h + 63, 0 = 5*b + h + 105. Let a = b - -32. What is the highest common divisor of a and 1?
1
Let r(f) = f + 2*f**2 - 3*f + 8*f + 2*f - 3. Suppose 24 = -4*k - 0*k. Let j be r(k). Calculate the highest common factor of j and 7.
7
Let j be (3 + 30)*(2 - (-2 + 70)). Let r be (3 - (-19)/(-7)) + j/(-21). Calculate the highest common divisor of r and 13.
13
Suppose 431*a + 768 = 435*a. What is the greatest common factor of a and 144?
48
Suppose 0 = -g + 4*g - 4*j - 24, 4*j - 8 = -5*g. Suppose -i = -2*f + 140, g*i = 5*f - 379 + 29. Calculate the greatest common factor of f and 14.
14
Let a be 9/27*-9 + 355. Calculate the greatest common divisor of 44 and a.
44
Let s = -29 - -62. Let v = s - 27. Suppose -3*k - v = -66. What is the highest common divisor of k and 8?
4
Suppose g - 1 = i + 6, -4*g - 4 = 4*i. Suppose 4*k - 5*d = 520, 2*d + 145 = k - g*d. What is the highest common factor of k and 25?
25
Suppose 0 = g - 2*y - 146, 10*y = 5*y - 5. What is the greatest common factor of g and 32?
16
Suppose -126 = 6*v - 20*v. What is the highest common factor of v and 216?
9
Suppose 596 = -3*u + u. Suppose 2*r + 420 = h, 0 = 2*r + h - 3*h + 420. Let m = r - u. Calculate the highest common factor of 11 and m.
11
Let z be 10 + (0 - 3 - -4). Suppose -72 = -15*j + z*j. What is the greatest common divisor of j and 12?
6
Let t be 12/(-32) + (-819)/(-8). Suppose -13*u + 440 = t. Calculate the greatest common divisor of u and 78.
26
Let l(t) = 29*t**3 - 1 + t**2 + 1 + 0 - 1 + t. Let n be l(1). Calculate the greatest common divisor of 6 and n.
6
Let y be 164/(-8) - 3/2. Let j = 44 + y. Let k = -20 + j. What is the highest common divisor of k and 10?
2
Let r = -7 + 12. Let y = 147 - 102. Suppose -4*g + s = -81, 0*s + y = 2*g - r*s. What is the highest common factor of g and 50?
10
Let u be ((-11)/(-4))/((-1)/8). Let r = u - -12. Let w be (-4)/r*5*12. What is the greatest common factor of w and 16?
8
Suppose 0 = -2*o + 35 - 33. Let s be -2 - o/(-2)*38. Calculate the highest common divisor of s and 187.
17
Let p(v) = 2*v**2 + 2*v - 22. Let g be p(-7). Let d = g + -59. What is the greatest common divisor of d and 3?
3
Let i = 24 - 28. Let q(x) = -44*x - 11. Let p be q(i). What is the greatest common factor of 33 and p?
33
Let z(i) = -i**2 - 29*i - 40. Let s be z(-21). Calculate the highest common divisor of s and 32.
32
Let m be 27/(-90) - 193/(-10). Calculate the highest common divisor of 703 and m.
19
Let l be 2*(-6)/4 - 65. Let k = -46 - l. Let u be -2 + (-8)/20*-115. Calculate the greatest common divisor of u and k.
22
Let h(i) = 3*i**2 - 7*i - 10. Let o be h(-3). Calculate the highest common divisor of o and 1178.
38
Let d = -25 + 60. Let g be ((-13452)/(-32))/3 + 1/(-8). What is the highest common divisor of g and d?
35
Let n = -707 - -711. Calculate the highest common divisor of 548 and n.
4
Suppose -5*f + 3*n = -214, -2*f - n + 97 = -6*n. Let g = -37 + f. What is the greatest common divisor of 32 and g?
4
Let u(n) = n**3 + 7*n**2 - 8*n - 24. Let p be u(-7). Calculate the highest common divisor of p and 16.
16
Suppose -4*q - 5*k + 0 - 7 = 0, -k + 7 = 5*q. Let p = 236 - 218. Calculate the highest common factor of p and q.
2
Let u(l) = -1 - l**2 - 10*l + 0*l**2 - 8. Let o be u(-8). Let p be 10/(-35) - (-30)/o. What is the highest common factor of p and 36?
4
Let o = 110 + -30. Suppose -c - 5 = 0, 3*b + 0*c - 65 = c. What is the greatest common factor of b and o?
20
Suppose -9*b - 33 = 3. Let u be (-32)/(-14) - b/(-14). Suppose 5*n - 471 = 4*h, u*n + 86 = h + 275. Calculate the highest common divisor of 38 and n.
19
Let s be ((-428)/(-6))/(10/15). Suppose -35 = k - s. Suppose -5*y - 5*v = -55, -5*y + v = -2*v - 39. Calculate the highest common divisor of y and k.
9
Suppose -2*k + 6*k - 10 = 3*q, 8 = -4*q. Let y be (-10 - -3)/(0 - k). Calculate the greatest common factor of y and 63.
7
Suppose -227 - 73 = -15*w. Suppose -r + 177 - 37 = 0. Calculate the highest common factor of r and w.
20
Let y be 0*4/(-20) + 4. Let r be 1/((-46)/6 + 4 + y). Calculate the greatest common factor of r and 1.
1
Suppose 0 = 6*j - 11*j + 175. Let x be (0 - j)*(-15)/25. What is the greatest common factor of 3 and x?
3
Let q(h) = h + 7. Let x be q(0). Let v(w) = 94*w - 1535. Let z be v(17). What is the greatest common factor of z and x?
7
Let n(h) = -h**3 - h**2. Let g = 2 + -4. Let p be n(g). Let l(t) = -t - 4. Let r be l(-5). What is the greatest common divisor of r and p?
1
Let r(w) = -w**2 - 9*w - 14. Let q be r(-3). Let c be ((-69)/(-12) - 1)*q. Calculate the highest common factor of c and 247.
19
Let q(g) = g**2 - 31*g + 216. Let y be q(22). Calculate the highest common factor of 81 and y.
9
Let m be (0/(-2))/(0 - -1). Let b be m - 0 - (-32 - -6). Calculate the highest common divisor of b and 208.
26
Suppose 4*h - h = 9, 106 = 5*k + 2*h. Suppose q = -4*q + k. Calculate the greatest common divisor of 10 and q.
2
Let k = 247 - 216. What is the highest common factor of k and 93?
31
Suppose -14 = -0*x + x + 4*d, 5*x = 2*d + 18. Suppose -2*f = x, -h - f = f - 3. What is the highest common factor of 35 and h?
5
Let c(g) = g**3 + 8*g**2 - 21*g + 32. Let n be c(-10). What is the highest common factor of n and 168?
42
Suppose -8*k = -45*k + 2109. Calculate the highest common divisor of k and 76.
19
Suppose 1 = -18*b + 19*b, 3252 = 3*d - 3*b. What is the greatest common divisor of d and 31?
